51 (base 16) to base 7
-12123
Convert -c03 (base 13) to base 12.
-1213
Convert 750 (base 8) to base 14.
26c
What is 4a (base 16) in base 15?
4e
What is -2a74 (base 15) in base 9?
-13441
-562 (base 10) to base 15
-277
Convert -16140 (base 8) to base 7.
-30115
Convert 708 (base 11) to base 15.
3c0
What is -210211212 (base 3) in base 8?
-37066
-4440 (base 7) to base 15
-716
What is -51a (base 11) in base 13?
-392
Convert -110101 (base 3) to base 14.
-19c
What is -ab6 (base 13) in base 3?
-2112010
What is a72 (base 15) in base 11?
1853
What is 5290 (base 10) in base 7?
21265
Convert 11201000 (base 3) to base 12.
1b99
-b34 (base 16) to base 12
-17b0
Convert 527 (base 16) to base 7.
3563
Convert 1651 (base 14) to base 4.
332113
-2332 (base 14) to base 2
-1011111101000
-406 (base 9) to base 11
-280
14580 (base 9) to base 14
38b0
760 (base 9) to base 15
2b6
-411 (base 12) to base 13
-364
What is 1001001001000010 (base 2) in base 16?
9242
What is -7285 (base 13) in base 16?
-3dd2
What is 7903 (base 12) in base 5?
412040
Convert -386a (base 12) to base 13.
-2bc9
132 (base 13) to base 9
253
Convert -200571 (base 8) to base 2.
-10000000101111001
What is -10202000 (base 3) in base 2?
-101010100111
-23012 (base 6) to base 3
-11110022
Convert -22092 (base 11) to base 4.
-13310231
Convert 23a94 (base 11) to base 12.
18024
What is -1574 (base 15) in base 14?
-1973
Convert 1200221 (base 3) to base 11.
a28
What is 200343 (base 6) in base 15?
49ac
Convert 3197 (base 14) to base 7.
33650
Convert 51 (base 9) to base 12.
3a
What is 2230 (base 7) in base 9?
1084
100220120 (base 4) to base 3
10110102222
What is -6b9 (base 15) in base 12?
-a70
What is 1333322 (base 5) in base 7?
142462
Convert -83b (base 16) to base 14.
-aa7
What is 280 (base 10) in base 6?
1144
11011000001000 (base 2) to base 13
63b0
What is 2343 (base 6) in base 10?
567
What is -482 (base 13) in base 2?
-1100001110
Convert -111111100 (base 2) to base 6.
-2204
Convert -180aa (base 15) to base 2.
-10010111111011001
What is -2299 (base 10) in base 2?
-100011111011
290 (base 13) to base 11
384
2b3 (base 14) to base 11
45a
4217 (base 12) to base 3
100220101
What is 155307 (base 8) in base 11?
39096
313224 (base 5) to base 14
3b39
Convert 763 (base 8) to base 2.
111110011
What is 2013 (base 6) in base 13?
27c
What is 2b3 (base 13) in base 12?
344
-353 (base 6) to base 10
-141
What is 3c92 (base 14) in base 13?
4b50
What is 40065 (base 7) in base 3?
111020110
Convert -453020 (base 6) to base 3.
-1221110110
What is 10507 (base 11) in base 3?
202220221
-1021 (base 8) to base 7
-1354
What is 8777 (base 13) in base 14?
6c2d
What is -26987 (base 10) in base 14?
-9b99
Convert -2a4 (base 14) to base 12.
-388
-84 (base 12) to base 4
-1210
-11964 (base 12) to base 5
-1230321
10333 (base 4) to base 15
164
Convert -44544 (base 6) to base 3.
-22120201
58086 (base 11) to base 5
10141242
Convert -31a (base 12) to base 14.
-246
Convert -713 (base 13) to base 15.
-54e
-60985 (base 10) to base 16
-ee39
What is 508 (base 9) in base 5?
3123
What is -22121200 (base 3) in base 11?
-47a1
What is -2245 (base 6) in base 16?
-215
What is 220332 (base 5) in base 4?
1312220
113 (base 5) to base 15
23
Convert -514 (base 12) to base 8.
-1340
Convert -342204 (base 6) to base 8.
-70534
Convert -15786 (base 9) to base 4.
-2221203
-637 (base 12) to base 10
-907
410c (base 14) to base 11
8448
Convert 1928 (base 10) to base 5.
30203
What is 2101102 (base 4) in base 15?
2b4d
-203 (base 8) to base 6
-335
-61 (base 7) to base 11
-3a
-15177 (base 11) to base 4
-11033331
Convert ad4 (base 15) to base 10.
2449
What is 5121 (base 6) in base 15?
504
1313120 (base 4) to base 3
101110222
16183 (base 9) to base 10
11091
Convert -12000332 (base 4) to base 13.
-b2a3
9d9 (base 16) to base 4
213121
-1ca (base 16) to base 12
-322
What is 22433 (base 7) in base 14?
211a
2a1 (base 11) to base 2
101100001
What is 41543 (base 6) in base 15?
19dc
Convert 176 (base 8) to base 7.
240
Convert -1012120022 (base 3) to base 15.
-707b
-3423 (base 5) to base 16
-1e8
Convert -4168 (base 10) to base 13.
-1b88
20d9 (base 14) to base 16
162f
Convert -a42 (base 15) to base 9.
-3148
What is 1332 (base 5) in base 16?
d9
1101001110 (base 2) to base 11
6aa
Convert 561 (base 7) to base 5.
2123
Convert -2041 (base 8) to base 4.
-100201
What is -4589 (base 10) in base 16?
-11ed
11110011 (base 2) to base 16
f3
What is -511 (base 12) in base 15?
-33d
-14b (base 13) to base 8
-350
Convert -116 (base 14) to base 3.
-22000
What is 2023210 (base 5) in base 11?
22817
-1033202 (base 4) to base 8
-11742
What is 532 (base 6) in base 13?
125
What is 20058 (base 9) in base 13?
5cc6
What is -e4b (base 16) in base 2?
-111001001011
What is 122416 (base 7) in base 5?
1210004
a873 (base 14) to base 13
10332
Convert da6 (base 15) to base 5.
44311
What is 301041 (base 5) in base 14?
3681
-112101 (base 3) to base 14
-1da
What is 2021 (base 3) in base 11?
56
Convert -2034 (base 7) to base 9.
-870
2453 (base 13) to base 9
7038
What is -3313002 (base 4) in base 7?
-64044
Convert -735 (base 14) to base 6.
-10323
19 (base 15) to base 11
22
Convert 638 (base 15) to base 10.
1403
What is -2127 (base 8) in base 11?
-920
What is -17032 (base 10) in base 3?
-212100211
10bbc (base 13) to base 6
353315
10c8b (base 13) to base 9
46105
-1030 (base 5) to base 8
-214
-269 (base 11) to base 5
-2232
What is 1b49 (base 13) in base 7?
15001
-1101010100010 (base 2) to base 16
-1aa2
Convert -232201 (base 4) to base 13.
-1480
Convert 13321 (base 4) to base 14.
281
Convert 301 (base 9) to base 8.
364
What is -10001011011 (base 2) in base 16?
-45b
Convert 1137 (base 9) to base 7.
2314
-21637 (base 10) to base 8
-52205
10110011 (base 2) to base 5
1204
What is -2102413 (base 5) in base 8?
-103655
What is -10664 (base 7) in base 8?
-5265
What is 10817 (base 9) in base 15?
221a
-b8ba (base 14) to base 4
-13302230
Convert -1010111010010 (base 2) to base 9.
-7586
-48b (base 14) to base 15
-407
Convert 27701 (base 9) to base 15.
587d
What is -30012 (base 5) in base 4?
-131122
cce (base 15) to base 13
1418
-149 (base 15) to base 10
-294
What is -ac8 (base 16) in base 3?
-10210020
Convert -ee60 (base 16) to base 8.
-167140
-321 (base 10) to base 7
-636
What is -2333122 (base 4) in base 7?
-50500
-11030001 (base 4) to base 15
-6469
Convert -50615 (base 7) to base 9.
-17788
Convert -210 (base 14) to base 9.
-501
Convert -434100 (base 7) to base 16.
-1284c
What is -a231 (base 11) in base 16?
-3512
-2587 (base 9) to base 15
-897
-4541 (base 8) to base 14
-c37
What is -15ded (base 15) in base 6?
-1303024
What is 282 (base 15) in base 8?
1074
23544 (base 6) to base 4
311320
1011111000011 (base 2) to base 15
1c08
What is -220012 (base 3) in base 10?
-653
Convert 3165 (base 8) to base 9.
2236
Convert 63a (base 11) to base 4.
30001
1048 (base 12) to base 4
123320
-3bb (base 14) to base 16
-2f1
What is -1174 (base 10) in base 7?
-3265
-2ebd (base 15) to base 16
-275e
11120303 (base 4) to base 6
250055
-780 (base 11) to base 5
-12220
Convert -33c (base 14) to base 5.
-10032
4304 (base 10) to base 9
5812
Convert -1616 (base 15) to base 13.
-2211
-65 (base 14) to base 4
-1121
Convert 3440 (base 5) to base 7.
1305
What is 282 (base 9) in base 6?
1032
-10cc7 (base 13) to base 16
-7820
10101222 (base 3) to base 11
1958
What is -7722 (base 11) in base 4?
-2133030
What is 11012210 (base 3) in base 7?
11646
Convert 2171 (base 8) to base 14.
5bb
-4a4 (base 14) to base 9
-1241
Convert -87 (base 10) to base 6.
-223
Convert -3c (base 13) to base 9.
-56
-112201101 (base 3) to base 15
-32a4
-1134 (base 11) to base 14
-785
What is -1abb (base 14) in base 13?
-22a7
Convert -a90 (base 16) to base 14.
-db2
Convert 173 (base 12) to base 5.
1411
14c3 (base 16) to base 11
3aa2
Convert 344 (base 10) to base 3.
110202
Convert -7849 (base 14) to base 10.
-20841
Convert -30110 (base 5) to base 8.
-3561
-66d (base 15) to base 10
-1453
Convert 4114143 (base 5) to base 8.
202356
-100 (base 16) to base 3
-100111
Convert 1000100021 (base 3) to base 7.
112054
What is -1c41 (base 13) in base 15?
-1403
What is 150233 (base 8) in base 16?
d09b
Convert -2021 (base 5) to base 11.
-218
Convert 12103 (base 10) to base 6.
132011
What is 110000100 (base 2) in base 13?
23b
Convert